ime?
False
Let c = 19909 - 13316. Is c prime?
False
Let j(y) = 484359*y - 121. Is j(2) prime?
False
Let j(h) = 1461*h + 444. Is j(7) a prime number?
False
Let x = 16027 + -24149. Let q = x + 14439. Is q composite?
False
Let w(b) = -140031*b + 6349. Is w(-6) a prime number?
False
Let t be -1 - (-9 - -1)*-2. Let f(r) = -r**3 - 9*r**2 + 3*r + 26. Is f(t) a prime number?
True
Let b = 465 + 5447. Let o = 12810 - b. Is o prime?
False
Suppose 6*f - f + 5 = 4*a, 1 = a - f. Suppose a = -2*t - 20 + 16. Is (-2)/(-20)*t - (-2088)/15 composite?
False
Suppose 5*h + 2*c - 5*c - 98662 = 0, 4*h - 5*c - 78927 = 0. Is h a prime number?
False
Let t be (-2)/(3*4/24). Let f(l) = -216*l**2 - 41*l - 9. Let o(z) = 72*z**2 + 14*z + 3. Let c(q) = -6*f(q) - 17*o(q). Is c(t) prime?
True
Let l(k) = -8*k**3 - 34*k**2 + 21*k - 152. Is l(-31) composite?
True
Let d(t) = 985*t**3 - 6*t**2 + 13*t - 7. Let u be d(2). Suppose u + 76735 = 10*y. Is y a prime number?
True
Let s(w) = 5*w + 37. Let u be s(-6). Suppose -5*l - 2198 = -u*l. Let v = l - 330. Is v a composite number?
False
Suppose -3*v - 4*n + 49 = 0, 10*v + 4*n + 135 = 15*v. Suppose 0 = -v*y + 31*y - 23992. Is y prime?
True
Let m = -27 + 26. Let n be m + (1 + 6467)/(-2). Let g = n + 5552. Is g composite?
True
Suppose 432210 = 44*q + 115454. Is q a prime number?
False
Let x be (72/81)/(4/18). Suppose -5*n + 3587 = -x*s, 3*n = -0*n - 5*s + 2167. Is n a composite number?
False
Let f = 21014 + -10938. Suppose 0 = 3*a + 5*c - 30186, -6*a - f = -7*a + 3*c. Suppose 5*q + 4*m + 1170 = a, q + 4*m - 1773 = 0. Is q composite?
True
Suppose -2*i + d + 148501 = 0, i + 2*d + 21857 - 96110 = 0. Is i prime?
False
Let r = 471021 - -202136. Is r composite?
False
Let g be (-6)/5*(-41960)/12. Let n = -78 - -78. Suppose g = 4*c - n*c. Is c composite?
False
Is -9 + -22 + 172721 + -9 composite?
False
Let c = -152848 - -7186. Is 1/(-3) - c/99 a prime number?
True
Let a(x) = 17281*x - 786. Is a(15) a prime number?
False
Let b = -986 - -997. Is 110/(-1210) - (-74372)/b composite?
False
Let u be (-135)/(-25) - 14/35. Let h(t) = 142*t**3 + 13*t**2 - t - 29. Is h(u) a composite number?
False
Let s be 20/(-45) - 8/(-18). Suppose s = 11*g - 1144 - 3564. Suppose 5*w = 5*a - 1545, -3*a - 3*w + 487 = -g. Is a prime?
True
Let b(t) = 10 + 31*t**3 + 4 - 12*t - 30*t**3 + 30*t + 6*t**2. Is b(9) a composite number?
True
Let l = 156 - 154. Is (1/(-2))/(1/l)*-7039 composite?
False
Is 1456/(-1092) + 233791/3 a composite number?
False
Let i(y) = 43*y**2 - 3*y - 12. Let v be i(6). Is -3 + v + (-3 - 1) a prime number?
True
Let j(k) = 278*k**2 + 21*k - 56. Let q(f) = -93*f**2 - 7*f + 19. Let z(y) = -2*j(y) - 7*q(y). Is z(4) a prime number?
False
Let g = 471 - 268. Suppose 0 = -4*h - 1820 + 628. Let p = g - h. Is p a prime number?
False
Let j = 5 - 2. Let l(f) = -22*f**3 + 5*f**2 - 6*f + 6. Let a be l(j). Is (-2 + a/2 + 1)*-2 a prime number?
True
Suppose 2*i = -3*v + 18879, 2*v = -3*v - 4*i + 31467. Let m = v + 3500. Is m a prime number?
True
Let h be (-11332)/(-36) - (-4)/18. Suppose 192*k = 174*k - 72. Is -1*(-3 - k) + h a composite number?
True
Suppose 5*q = -11 + 36. Let l(j) = -q*j - 13 + 2 - 16*j - 15*j. Is l(-4) a composite number?
True
Let f be (-1)/8 + (612/32)/17. Is (298/4)/(f/8*4) a prime number?
True
Suppose 5*h + 0 = -20. Let g be 2 + -7 + h + (6 - -2). Is 4/(-10) + g + (-41526)/(-15) prime?
True
Suppose 29*c + l = 31*c - 10, -4*c = 5*l - 6. Suppose 111165 = c*z + 11*z. Is z a composite number?
False
Let t = -18 + 20. Is 3012 - ((-1)/t)/(2/4) a prime number?
False
Suppose -2*n = -3*n, 20789 = h + n. Is h a composite number?
False
Suppose -395*x + 62193860 = -30183605. Is x a prime number?
False
Let t(m) be the third derivative of 11*m**4/8 - 79*m**3/3 + 11*m**2 - m. Is t(29) composite?
True
Let f(b) = -b**2 - 1. Let u(m) be the second derivative of 13*m**4/12 + 2*m**3 + 34*m**2 - 13*m. Let n(q) = 3*f(q) + u(q). Is n(-12) a prime number?
True
Let h be 2112100/40*4/10. Suppose -h = 9*m - 66976. Is m composite?
True
Let l(c) = 60*c**2 - 4*c - 30. Let r be l(-5). Suppose q + 3*v - 9942 = 0, -v = -2*q + 18359 + r. Suppose 5*k - q = -1502. Is k prime?
False
Let p = 36 - 10. Let m = 26 - p. Suppose m = y - 2*y - 4*i + 1991, -4*y - 2*i = -7950. Is y a composite number?
False
Let h(a) = 3*a**2 + 9*a + 4. Let x be h(-6). Let k be (186/496)/(1/8). Suppose g + 41 = k*g - 5*u, -5*u = g - x. Is g prime?
False
Is 4827546/44 - (-18 - (-10665)/594) composite?
False
Suppose -3*k = -4*w + 14, 9*k + 3*w = 4*k + 25. Let c be -6 + 15/2 - 19/k. Is (2 - (-374)/c)*-8 a composite number?
True
Let k(x) = 23893*x**2 - 49*x + 121. Is k(3) composite?
True
Let l = -5175 - -8549. Suppose 3*n - 2025 = -2*u, -n + l = 4*n + 3*u. Is n composite?
False
Let l be 878/(58/(-15) - -4). Suppose -7*v + 3*h = -2*v - 11004, 0 = -3*v - 4*h + l. Let t = -440 + v. Is t composite?
False
Suppose 2*v - 24 = -16. Suppose 0 = v*m - 156 - 424. Is m a prime number?
False
Let y be ((-2)/(-3))/(5/270). Suppose 38*x = y*x + 2156. Suppose 6*j - x = -208. Is j a prime number?
False
Let y = 12 - 12. Let j be (y - 1) + 27 + -5. Suppose 16*z - j*z + 2705 = 0. Is z a composite number?
False
Suppose -16*g - 135 = -g. Is (g + 1332)/9 + 1 + 1 a prime number?
True
Let o = -65 - -68. Suppose 2*t + 117 = -o*k, -2*t = 2*k - 6*t + 78. Let u = k - -518. Is u composite?
False
Let y(d) = d**3 - 6*d**2 + 1. Let h be y(6). Let t be (-2)/2 - (-659 + h). Suppose 2*r - t + 235 = 0. Is r composite?
False
Let z = 101 + -61. Suppose -2*p - 2*p = -9*p. Suppose -784 = -2*j + y + z, j + 3*y - 419 = p. Is j prime?
False
Let i(s) = 89845*s**2 - 39*s - 35. Is i(-3) prime?
False
Suppose -12*m = -8*m + 4*s - 9896, 4*m - s - 9881 = 0. Is m prime?
False
Suppose 119571 - 44487 = 3*s. Suppose -6267 = -x + 2*g, -2*x + 2*g = -6*x + s. Is x prime?
False
Let i(n) = -755*n**2 + 32*n + 43. Let s(x) = -378*x**2 + 17*x + 22. Let w(y) = -6*i(y) + 11*s(y). Is w(-3) composite?
False
Suppose -7*y + 50 = 3*y. Is (-8776)/(-4) - (-25)/y a composite number?
True
Let a(f) = 81*f + 43 - 62 - 13 - 28*f. Is a(23) prime?
True
Let h(k) = 1576*k**2 - 181*k - 1903. Is h(-10) a composite number?
True
Is (-119)/(-2)*(-9258)/(-21) a prime number?
False
Let h be 26068/14 + (-3)/(-3). Suppose -k = 5*s - h, -s + k = -5*s + 1490. Is s a composite number?
False
Is 27/((-1755)/(-10)) + ((-1093983)/13)/(-3) a prime number?
True
Suppose 223*m + 1448290 = 228*m. Is m prime?
False
Let v(z) be the first derivative of -14 - 27/4*z**4 - 7*z - 5/3*z**3 + 1/2*z**2. Is v(-4) a composite number?
False
Let s(m) = m**2 + 13*m - 7. Let a = -77 + 131. Let z be ((-1)/(-3))/(2/a). Is s(z) composite?
False
Suppose -5*n = 2634 - 22644. Is (-16)/(-20) + (-4 - n/(-10)) prime?
True
Let d be (-5 - -5)/(-8 - -4). Suppose 26*o - 28*o + 1198 = d. Is o composite?
False
Let t(r) = -2*r**2 + 3*r - 3. Let h = -47 - -48. Let g be t(h). Is 1264/20*(2/4 - g) prime?
False
Let k be (-4)/(-22) - 580/(-319). Let f be (-14*k/(-4))/1 + -3. Suppose -n + f*n + 3152 = 4*x, 3905 = 5*x + 5*n. Is x prime?
False
Suppose 0 = -8*i - 7*i + 9*i. Suppose 9*m - 18 = -i*m. Suppose -2 = -y, m*y = 5*g + y - 1653. Is g prime?
True
Let x = -38 - -32. Let k be 1 - -2*(-1)/x*3. Suppose 49 = 3*l - k*n, 5*n = 3*l + 2*l - 75. Is l a composite number?
False
Let p be 24/(7/14 + (-11)/30). Suppose 0 = h - 3*m + 180, h + m + p = -2*m. Let s = 469 - h. Is s a prime number?
False
Let p(y) = 4*y + 4*y**2 - y + 9 - 7 - 3*y**2. Let q be p(-2). Suppose -2*f + 2*d = -640, -f - 5*d + 2*d + 316 = q. Is f composite?
True
Let x(k) = 8*k**3 - 12*k**2 + 76*k - 17. Is x(15) prime?
True
Is (-16)/136 + (-727364)/(-17) + 1 a prime number?
True
Suppose 41*d = 35*d + 734070. Is d a prime number?
False
Let s(q) = -8*q + 47. Let m be s(9). Let t = -3 - m. Is t composite?
True
Let r be (-2)/(-6) - 2/6. Let a = r + 8. Is ((-4)/a)/(((-3)/598)/3) a prime number?
False
Suppose 2*l - 34139 = -3*q, 3*q - 63*l = -60*l + 34164. Is q prime?
True
Let c be 22/(-44) - ((-138)/(-4) + 0). Is 1582/28*(-1 - c) a composite number?
True
Let a(j) = 298*j**2 + 8*j - 7. Let q(b) = -b**3 + 5*b**2 + 5*b + 8. Let k be q(6). Is a(k) a composite number?
False
Let y(u) = 77*u**2 + 6*u + 24. Let c be y(-13). Suppose c - 35343 = -16*b. Is b composite?
False
Let i = 51 - 52. Is i/4*-1 - 17265/